n factor of 121 and 4972.
11
What is the highest common divisor of 30 and 960?
30
What is the highest common factor of 2988 and 4?
4
What is the greatest common divisor of 803 and 33?
11
What is the greatest common factor of 2630 and 90?
10
Calculate the highest common divisor of 3472 and 784.
112
Calculate the highest common factor of 415 and 5.
5
Calculate the highest common divisor of 38 and 64.
2
Calculate the highest common divisor of 2970 and 3080.
110
Calculate the highest common divisor of 2553 and 74.
37
What is the greatest common divisor of 4199 and 95?
19
What is the greatest common divisor of 290 and 8381?
29
What is the highest common factor of 19082 and 28?
14
What is the highest common divisor of 357 and 42?
21
What is the highest common factor of 12 and 432?
12
What is the highest common divisor of 54 and 666?
18
Calculate the highest common divisor of 50 and 950.
50
What is the greatest common factor of 23 and 92?
23
What is the greatest common factor of 14 and 20986?
14
Calculate the greatest common divisor of 195 and 429.
39
Calculate the greatest common factor of 25 and 655.
5
What is the greatest common divisor of 74 and 12?
2
Calculate the highest common divisor of 600 and 40.
40
Calculate the highest common factor of 368 and 400.
16
What is the greatest common divisor of 38150 and 175?
175
Calculate the greatest common divisor of 80 and 4304.
16
What is the greatest common divisor of 115 and 15?
5
What is the highest common factor of 185 and 1591?
37
Calculate the greatest common divisor of 52 and 20436.
52
What is the greatest common factor of 28 and 574?
14
Calculate the highest common factor of 1083 and 627.
57
Calculate the greatest common divisor of 1072 and 8.
8
Calculate the highest common divisor of 756 and 28.
28
What is the greatest common divisor of 403 and 155?
31
What is the highest common divisor of 525 and 65?
5
Calculate the highest common divisor of 7392 and 63.
21
What is the highest common divisor of 22 and 638?
22
What is the greatest common divisor of 648 and 32?
8
Calculate the highest common factor of 5096 and 490.
98
What is the greatest common factor of 304 and 532?
76
Calculate the highest common factor of 49 and 49.
49
Calculate the highest common divisor of 352 and 154.
22
What is the highest common factor of 2656 and 192?
32
What is the highest common factor of 90 and 585?
45
What is the highest common factor of 209 and 704?
11
What is the greatest common divisor of 395 and 1264?
79
What is the highest common divisor of 63 and 45?
9
What is the greatest common factor of 5 and 415?
5
Calculate the greatest common factor of 11 and 3949.
11
What is the highest common factor of 1350 and 864?
54
Calculate the greatest common divisor of 629 and 1517.
37
Calculate the highest common factor of 940 and 20.
20
What is the highest common factor of 2540 and 540?
20
What is the highest common factor of 150 and 84?
6
What is the greatest common divisor of 125 and 16000?
125
Calculate the highest common divisor of 404 and 23533.
101
What is the greatest common factor of 144 and 656?
16
What is the greatest common factor of 2056 and 40?
8
What is the greatest common factor of 76 and 1159?
19
What is the greatest common divisor of 792 and 552?
24
Calculate the greatest common factor of 7497 and 459.
153
Calculate the greatest common factor of 2156 and 418.
22
Calculate the highest common factor of 91 and 156.
13
What is the greatest common divisor of 7 and 5033?
7
What is the highest common divisor of 66 and 165?
33
What is the greatest common divisor of 222 and 12099?
111
Calculate the greatest common factor of 45 and 27.
9
What is the greatest common factor of 629 and 17?
17
What is the highest common divisor of 4 and 76?
4
Calculate the highest common factor of 52 and 20098.
26
What is the highest common factor of 2044 and 560?
28
What is the highest common divisor of 25 and 4?
1
What is the highest common factor of 1624 and 87?
29
Calculate the greatest common divisor of 627 and 2739.
33
Calculate the highest common divisor of 2708 and 4.
4
Calculate the highest common factor of 874 and 644.
46
Calculate the greatest common divisor of 24 and 324.
12
Calculate the greatest common factor of 11 and 24937.
11
Calculate the greatest common factor of 62 and 8.
2
What is the greatest common divisor of 132 and 1551?
33
Calculate the highest common factor of 24 and 1416.
24
Calculate the highest common factor of 90 and 3330.
90
Calculate the highest common divisor of 116 and 145.
29
Calculate the greatest common divisor of 64 and 1744.
16
What is the greatest common divisor of 8 and 80?
8
What is the highest common divisor of 33 and 22?
11
Calculate the greatest common factor of 112 and 84.
28
Calculate the highest common factor of 39 and 2301.
39
What is the highest common factor of 299 and 736?
23
Calculate the highest common factor of 4387 and 41.
41
Calculate the greatest common factor of 45 and 288.
9
Calculate the greatest common divisor of 6512 and 37.
37
Calculate the greatest common factor of 4 and 244.
4
Calculate the highest common divisor of 98 and 1568.
98
Calculate the greatest common divisor of 24 and 8.
8
Calculate the highest common factor of 2662 and 33.
11
Calculate the greatest common divisor of 632 and 4819.
79
What is the greatest common divisor of 1314 and 18?
18
Calculate the highest common divisor of 15 and 16005.
15
Calculate the highest common divisor of 14 and 154.
14
Calculate the highest common factor of 24 and 800.
8
Calculate the greatest common divisor of 77 and 1001.
77
Calculate the highest common factor of 2312 and 8.
8
Calculate the highest common factor of 125 and 2.
1
What is the highest common divisor of 130 and 20?
10
Calculate the greatest common factor of 34 and 527.
17
What is the highest common factor of 132 and 24?
12
What is the greatest common divisor of 252 and 308?
28
What is the greatest common factor of 169 and 117?
13
Calculate the greatest common factor of 297 and 1353.
33
What is the greatest common factor of 198 and 1926?
18
What is the highest common factor of 234 and 312?
78
What is the greatest common divisor of 3 and 312?
3
Calculate the highest common factor of 1 and 73.
1
What is the highest common factor of 258 and 8686?
86
What is the highest common factor of 1610 and 138?
46
Calculate the highest common divisor of 13 and 208.
13
What is the greatest common divisor of 147 and 105?
21
What is the highest common divisor of 13 and 2197?
13
Calculate the greatest common factor of 56 and 72.
8
What is the highest common divisor of 232 and 8?
8
Calculate the highest common factor of 268 and 10.
2
What is the highest common divisor of 1064 and 95?
19
Calculate the highest common factor of 38 and 29.
1
Calculate the highest common factor of 32 and 13792.
32
Calculate the highest common divisor of 63 and 2088.
9
What is the highest common divisor of 8 and 584?
8
What is the highest common divisor of 2249 and 39?
13
What is the highest common factor of 507 and 75?
3
Calculate the highest common divisor of 76 and 1216.
76
Calculate the highest common divisor of 30 and 54.
6
Calculate the highest common divisor of 105 and 1785.
105
What is the highest common divisor of 420 and 612?
12
Calculate the greatest common factor of 85 and 5355.
85
What is the greatest common divisor of 20928 and 64?
64
Calculate the highest common divisor of 621 and 207.
207
What is the highest common divisor of 118 and 19942?
118
What is the highest common factor of 343 and 28?
7
What is the greatest common divisor of 1209 and 2139?
93
What is the highest common factor of 592 and 336?
16
Calculate the highest common divisor of 225 and 405.
45
Calculate the highest common divisor of 468 and 7839.
117
What is the greatest common factor of 18996 and 48?
12
Calculate the highest common factor of 4366 and 666.
74
Calculate the highest common divisor of 378 and 56.
14
Calculate the highest common factor of 44 and 1628.
44
What is the greatest common factor of 12 and 228?
12
Calculate the greatest common divisor of 19944 and 36.
36
Calculate the greatest common divisor of 60 and 10520.
20
What is the greatest common factor of 760 and 30?
10
Calculate the highest common divisor of 1040 an